a**2 - 4 - 1/3*a**3. What is b(-2)?
-2
Let v be (2 - -2 - 1/(-1)) + 0. Let f(t) = 3*t**3 - 25*t**2 + 19*t - 10. Let c(a) = -2*a**3 + 17*a**2 - 13*a + 7. Let m(y) = -7*c(y) - 5*f(y). Give m(v).
6
Let f = 15 - 10. Let j(v) be the third derivative of -v**6/120 + v**5/15 + v**4/6 + 2*v**3/3 - 13*v**2. Determine j(f).
-1
Let h(d) = d - 1. Let u(y) = 4*y - 5. Let w(z) = -11*h(z) + 2*u(z). Let c(q) = -10*q + 0 - 6 + 1 - q**2. Let a be c(-9). Determine w(a).
-11
Let h(w) = w**3 + 6*w**2. Let a be h(-6). Let v(f) = f + 2. Let b be v(0). Let k(s) = -2*s - 7 - s**b + s + 0*s**2. Give k(a).
-7
Let x(o) = -o - 1. Let s = 19 + -20. Give x(s).
0
Let p(h) = -h - 2. Let c(i) = -i**3 + 5*i**2 + 5*i + 7. Let v be c(6). Suppose 4*r = 3*k + 16, 3 + v = 4*k + r. What is p(k)?
-2
Let s(a) = a. Let i(d) = -d**2 - 9*d - 3. Let k(t) = i(t) + 2*s(t). Suppose -7*j + 42 = -14*j. Determine k(j).
3
Let g(q) = q**3 - 7*q**2 + 6*q + 6. Suppose -2*t - 2*h + 20 = 0, t + h = -2*h + 18. What is g(t)?
6
Let s(i) be the first derivative of i**4/4 + 5*i**3/3 + 3*i**2 + 4*i + 16. Calculate s(-4).
-4
Let y(l) = -2*l - 8. Let i(s) = s + 4. Let w(b) = -7*i(b) - 4*y(b). Determine w(-4).
0
Let y(t) be the third derivative of t**4/24 - 7*t**3/6 - 10*t**2. What is y(5)?
-2
Let d(j) = -j**3 - 2. Suppose 2*v - 6 = -2. What is d(v)?
-10
Let h(o) = -3*o**2 - 2*o. Let l(y) = 3*y + 13. Let s be l(-5). Give h(s).
-8
Let n be (10/4)/((-3)/6). Let h(l) = l. Let x(y) = 4*y - 3. Let s(b) = -6*h(b) + x(b). Calculate s(n).
7
Let g = 93 - 92. Let j(o) = 3*o**2 - 1. Give j(g).
2
Let s = -8 - -6. Suppose -v = -3*i + 2*v + 9, 0 = -4*i + 3*v + 12. Let l(n) = -4*n - n**2 + 0*n**3 + 0*n**3 + n**i - 3. Determine l(s).
-7
Let b(n) be the third derivative of n**2 + 0*n + 0 + 1/6*n**3 + 5/24*n**4. What is b(-1)?
-4
Let q(f) = -3*f**2 + 8 - 12 + 2*f**2 - 4 - 7*f. Give q(-5).
2
Let y(w) = w**2 - 12*w + 5. Let l be y(12). Let m(n) = -n**3 - l*n + 4 + 3 + 4*n**2 + 0 + 2*n**2. Give m(5).
7
Let u(z) = -z + 10. Suppose -5*d + 29 + 32 = -4*i, -5*i = -3*d + 60. Let k = 6 + i. Let p(g) = 2*g - 19. Let a(n) = k*p(n) - 5*u(n). Determine a(6).
1
Let f(o) be the first derivative of -o**3 - 1/4*o**4 + 4*o + 7 + 3/2*o**2. Give f(-3).
-5
Let y(z) be the first derivative of -5/6*z**3 - 1/20*z**5 - 1/2*z**4 + 1 - z + 3*z**2. Let q(u) be the first derivative of y(u). Give q(-5).
6
Let r(f) = f - 2*f + 14*f**2 - 15*f**2 + 11*f**2. Suppose 3 = -5*i - 2*b, -3 = -5*i + 3*b + 14. Determine r(i).
9
Let q(a) = 12 - 6*a - 12. Determine q(2).
-12
Let d(b) = 2*b. Let j = -42 + 41. Give d(j).
-2
Let q be ((-1)/2)/((-5)/30). Let a be -3 - -1*(-2 + q). Let s(z) = -2*z**2 - 3*z - 1. What is s(a)?
-3
Let b(j) be the first derivative of -j**4/4 - j**3/3 - j**2 - j + 2. Let h(d) = -1 + d + 4 + 2. Let l be h(-7). Determine b(l).
7
Let s be (-2)/5 + 14/10. Let g(v) = -19*v - 2. Let f(l) = l**3 - 6*l**2 - l - 7. Let k be f(6). Let u(y) = 9*y + 1. Let w(d) = k*u(d) - 6*g(d). What is w(s)?
-4
Let d(h) = 2*h**2 - 3*h - 1. Let t be 2/(21/(-6) - -3). Let a = -1 - t. What is d(a)?
8
Let u(q) = -q**3 - 6*q**2 + 7*q + 4. Let d(a) = a**3 + 2*a**2 - 2*a - 4. Let r be d(-3). Calculate u(r).
4
Let c = 2/69 + 5/92. Let n(b) be the second derivative of -2*b + 0 - c*b**4 - 7/2*b**2 + 5/6*b**3. What is n(5)?
-7
Let i(p) = -p**2 + 5*p - 1. Let k = -174 - -177. Determine i(k).
5
Suppose -q - q + 12 = 0. Let j(x) be the second derivative of -x**5/20 + 7*x**4/12 - 3*x**3/2 + x**2 + 65*x - 2. What is j(q)?
-16
Let k(m) be the third derivative of -m**4/24 - m**3/3 - 2*m**2. Let z = 206 - 206. Calculate k(z).
-2
Suppose 0 = u + 3 + 6. Let y = -10 - u. Let l(f) = -2*f**2 + 4*f + 4. Let r(b) = -b**2 + b + 1. Let t(n) = l(n) - 5*r(n). Determine t(y).
3
Let w(z) = z**3 - 5*z**2 + 2*z - 3. Let b(l) = l**3 - l - 1. Let i = 9 - 6. Suppose 25 = -5*g, p + i*p = 5*g + 33. Let s be b(p). Give w(s).
7
Let r(y) = 5*y + 7 - y**2 + 1 - 2 + y. Determine r(5).
11
Suppose 2*p = -p. Let v be p/(-1)*3/6. Suppose -3*b + b = v. Let w(i) = i + 7. What is w(b)?
7
Let v(z) = -2*z + 4*z - 6 - 5*z. Suppose -2*n - 10 = -2. Determine v(n).
6
Suppose 8 + 0 = v - 3*k, -5*k - 16 = -v. Let u(n) = 1 - 4*n + 1 - 5 - 2. Determine u(v).
11
Let x(j) = -j**2 - 10*j - 17. Let q be x(-7). Let u(h) be the first derivative of h**4/4 - h**3 - 3*h**2/2 - 2*h - 1. Calculate u(q).
2
Let i(s) = -73*s - 71*s + s**2 - 6 + 148*s. Let v = 5 + -10. Give i(v).
-1
Let u be 16*(2 + 2)/(-8). Let c(h) = -h - 8. Determine c(u).
0
Let l(o) be the first derivative of -2 - 1/4*o**4 + 2*o**3 - 6*o - 3/2*o**2. Determine l(5).
4
Let s(t) be the first derivative of -1/2*t**2 + 1/3*t**3 + 3 + t. Let q = 2 + -2. What is s(q)?
1
Let r(t) = -2*t**3 - 2*t**3 - 2*t**3 + t - 2*t**2 + 5*t**3. Let i(v) = v**2 - 5*v + 3. Let a be i(3). Give r(a).
6
Let v(a) be the second derivative of a**3/2 - 41*a. Calculate v(6).
18
Let i(x) be the first derivative of -x**3/3 - 7*x**2/2 - 5*x + 1. Let c(w) = -w**3 - 5*w**2 + 4*w - 6. Let z be c(-6). Let a = -10 + z. Determine i(a).
7
Let k(h) = 6*h + h**3 - 4*h - 29*h**2 - 4 + 34*h**2. Give k(-4).
4
Let x(t) = -t**3 + 3*t**2 + t + 1. Let w be (-37 - -39) + 1*2. Give x(w).
-11
Let p(w) be the third derivative of -w**6/360 + w**5/120 - w**4/8 - w**3/2 + 4*w**2. Let l(q) be the first derivative of p(q). Determine l(0).
-3
Let d(w) be the third derivative of 1/120*w**6 + 1/24*w**4 + 1/30*w**5 + 3*w**2 + 0 + 0*w + 1/6*w**3. Give d(-2).
-1
Let k(w) = 2*w**2 + w - 4*w**2 + 6 + 3*w**2. Suppose 0*o + 9 = 2*o - 3*q, -3 = -2*o + q. Give k(o).
6
Let s(v) = -5*v - v + 5*v - 5 - 7. Give s(-10).
-2
Let z(w) be the second derivative of 4*w + 1/3*w**3 + 0 - 1/2*w**2. What is z(1)?
1
Let j(v) be the second derivative of 7/12*v**4 - v**3 + v**2 + 0 + 4*v - 1/20*v**5. What is j(6)?
2
Let l(y) = -3*y + 2*y + 0*y. Suppose -3*v + 0*v + 6 = 0. Suppose -w - v = g, 4*w + 6 = 2*w. Determine l(g).
-1
Let m(d) = d**2 - 8*d + 6. Let l = 6 + -6. Suppose 3*q - 33 = 4*v + 5, 5*q - 5*v - 70 = l. Let x be 76/q + 10/(-45). What is m(x)?
-10
Let t(y) = 7*y**2 + 9*y + 15. Let x(l) = 3*l**2 + 4*l + 7. Let g(i) = -4*t(i) + 9*x(i). What is g(0)?
3
Suppose -4*u = -2*u + 10. Let d(r) = -7*r**3 - 6*r**2 - 11*r - 7. Let b(c) = 6*c**3 + 6*c**2 + 10*c + 6. Let q(z) = 6*b(z) + 5*d(z). Determine q(u).
1
Let j(b) = b**2 + 5. Suppose 0 = -2*g - 8, -4*g = x + 26 - 10. What is j(x)?
5
Let p(l) = 5*l - 2. Let o(n) = 9*n - 3. Let a = 1 + -4. Let x(c) = a*o(c) + 5*p(c). Suppose y = -2*u + 10, 3*y - u = -0 + 2. Determine x(y).
-5
Let n(r) = -4*r**2 - 9*r + 6. Let g(k) = k**2 + k - 5. Let f(z) = 3*z**2 + 3*z - 14. Let b(y) = -4*f(y) + 11*g(y). Let j(x) = 6*b(x) - n(x). Give j(2).
-2
Let u(i) = 3*i**3 - 6*i**2 + 6*i + 4. Let w(z) = -4*z**3 + 7*z**2 - 7*z - 4. Let n(b) = 5*u(b) + 4*w(b). Let l be (-1)/(3/(-18)*-2). Give n(l).
7
Let k(z) = 153*z - 77*z + 15*z**3 - 76*z. Determine k(1).
15
Let m(f) = -f**3 + 5*f**2 + f - 3. Suppose -6*q - 117 = 3*q. Suppose 4*a - t = -69, 0 = -2*a + t + 16 - 49. Let z = q - a. What is m(z)?
2
Let o(i) be the first derivative of i**3/3 + 3*i**2/2 - 2*i - 2. Suppose h + 20 = -3*h. Determine o(h).
8
Let g be 1 - 2/(4/(-10)). Let h be (-2)/(-6) + (-8)/(-12). Let k = g - h. Let w(m) = m**2 - 5*m + 7. Calculate w(k).
7
Let w(a) be the second derivative of -a**3/6 + a**2 - 3*a. Let v be w(0). Suppose 0 = -x + v*x. Let u(d) = d**3 - 1. What is u(x)?
-1
Suppose 0 = -3*z + 6*z. Let d(m) be the third derivative of m**5/60 + m**4/24 - 7*m**3/6 - 2*m**2. Calculate d(z).
-7
Let k = 3 + -3. Suppose l + k*l - 10 = 0. Suppose n + 3*b = -15, 0*b - l = 3*n + 2*b. Let h(r) = -r - 5. Determine h(n).
-5
Let a(r) = 55*r**3 - 54*r**3 + 0*r**2 + 4*r**2 - 7*r - 4. Calculate a(-5).
6
Let b(s) = -s + s**2 - 4*s**2 + 2*s**2. Suppose 0*k + 1 = -k. What is b(k)?
0
Let i(g) = -4*g + 8*g - 2*g + 2. Determine i(-3).
-4
Let p(g) be the first derivative of -g**5/120 + 7*g**3/3 + 3. Let h(k) be the third derivative of p(k). What is h(-3)?
3
Suppose -5*f = -8 - 2. Let n(w) = 21*w + w**2 - 3 - 19*w + 0*w**2. What is n(f)?
5
Let z(k) be the second derivative of -3*k - 1/12*k**4 + 0 + 1/2*k**2 + 1/6*k**3 - 1/20*k**5. What is z(-1)?
0
Let c(i) be the first derivative of i**2/2 - i + 11. What is c(-1)?
-2
Let t(s) = -s**2 + 8. Let l = 24 - 24. Determine t(l).
8
Let z(a) be the se